{"id":20,"date":"2011-12-07T20:27:40","date_gmt":"2011-12-07T20:27:40","guid":{"rendered":"http:\/\/www.redix-design.de\/?page_id=20"},"modified":"2021-03-01T20:12:00","modified_gmt":"2021-03-01T20:12:00","slug":"agentur","status":"publish","type":"page","link":"https:\/\/www.redix-design.de\/?page_id=20","title":{"rendered":"drohnenaufnahmen"},"content":{"rendered":"<p>[et_pb_section fb_built=&#8220;1&#8243; fullwidth=&#8220;on&#8220; _builder_version=&#8220;4.9.0&#8243; _module_preset=&#8220;default&#8220; box_shadow_style=&#8220;preset3&#8243;][et_pb_fullwidth_image src=&#8220;https:\/\/www.redix-design.de\/wp-content\/uploads\/2021\/03\/drohnenaufnahmen.jpg&#8220; title_text=&#8220;drohnenaufnahmen&#8220; _builder_version=&#8220;4.9.0&#8243; _module_preset=&#8220;default&#8220; hover_enabled=&#8220;0&#8243; sticky_enabled=&#8220;0&#8243;][\/et_pb_fullwidth_image][\/et_pb_section][et_pb_section fb_built=&#8220;1&#8243; _builder_version=&#8220;3.22&#8243;][et_pb_row _builder_version=&#8220;3.25&#8243; background_size=&#8220;initial&#8220; background_position=&#8220;top_left&#8220; background_repeat=&#8220;repeat&#8220;][et_pb_column type=&#8220;4_4&#8243; _builder_version=&#8220;3.25&#8243; custom_padding=&#8220;|||&#8220; custom_padding__hover=&#8220;|||&#8220;][et_pb_text _builder_version=&#8220;4.4.7&#8243; text_orientation=&#8220;justified&#8220;]<\/p>\n<h2>bildsch\u00f6n. wortlos. aufsteigend.<\/h2>\n<p>&nbsp;<\/p>\n<h3>LUFTAUFNAHMEN MIT DER DROHNE<\/h3>\n<p>Fliegen Sie mit uns, wir heben ab mit der DJI Mavic Pro 2, dem Quadrocopter mit Hasselblad-Kamera. Wir haben die Ausr\u00fcstung und das Know How, um das Beste aus den Bildern aus der Vogelperspektive herauszuholen.<\/p>\n<p>Unsere Drohne, ausgestattet mit der Hasselblad L1D-20c, bei einer Aufl\u00f6sung von 20 Megapixeln, mit aktualisiertem Flight Autonomy-System mit Sicht- und Infrarotsensoren zur omnidirektionalen Hinderniserkennung, erm\u00f6glicht gro\u00dfartige Luftaufnahmen mit atemberaubender Detailgenauigkeit und Farben: gestochen scharfe Bilder zum Beispiel zur Dokumentation, 4K Filmaufnahmen wie auch die Erstellung von Panoramafotografien und 360\u00b0 Aufnahmen.<\/p>\n<p>Rufen Sie uns an, wir erstellen Ihnen gerne ein auf Sie abgestimmtes Angebot!<\/p>\n<p>&nbsp;<\/p>\n<h3>FOTOGRAFIE<\/h3>\n<p>Bilder regieren die Welt. M\u00fchelos ber\u00fchren sie uns, wecken Erinnerungen, machen Freude: aber nur gute Bilder. Ein gelungenes Foto von einer Speise lockt G\u00e4ste an, eine sch\u00f6ne Aufnahme von Ihrem Gesch\u00e4ft macht Lust auf Bummeln, ein perfektes Detail weckt die Neugier. Wir dr\u00fccken den Ausl\u00f6ser, Bildbearbeitung inklusive, damit wir Sie und Ihr Produkt optimal in Szene setzen.<\/p>\n<p>&nbsp;<\/p>\n<p>[\/et_pb_text][\/et_pb_column][\/et_pb_row][\/et_pb_section]<\/p>\n","protected":false},"excerpt":{"rendered":"<p>bildsch\u00f6n. wortlos. aufsteigend. &nbsp; LUFTAUFNAHMEN MIT DER DROHNE Fliegen Sie mit uns, wir heben ab mit der DJI Mavic Pro 2, dem Quadrocopter mit Hasselblad-Kamera. Wir haben die Ausr\u00fcstung und das Know How, um das Beste aus den Bildern aus der Vogelperspektive herauszuholen. Unsere Drohne, ausgestattet mit der Hasselblad L1D-20c, bei einer Aufl\u00f6sung von 20 [&hellip;]<\/p>\n","protected":false},"author":2,"featured_media":458,"parent":0,"menu_order":4,"comment_status":"closed","ping_status":"closed","template":"","meta":{"_et_pb_use_builder":"on","_et_pb_old_content":"","_et_gb_content_width":"","footnotes":""},"class_list":["post-20","page","type-page","status-publish","has-post-thumbnail","hentry"],"_links":{"self":[{"href":"https:\/\/www.redix-design.de\/index.php?rest_route=\/wp\/v2\/pages\/20","targetHints":{"allow":["GET"]}}],"collection":[{"href":"https:\/\/www.redix-design.de\/index.php?rest_route=\/wp\/v2\/pages"}],"about":[{"href":"https:\/\/www.redix-design.de\/index.php?rest_route=\/wp\/v2\/types\/page"}],"author":[{"embeddable":true,"href":"https:\/\/www.redix-design.de\/index.php?rest_route=\/wp\/v2\/users\/2"}],"replies":[{"embeddable":true,"href":"https:\/\/www.redix-design.de\/index.php?rest_route=%2Fwp%2Fv2%2Fcomments&post=20"}],"version-history":[{"count":21,"href":"https:\/\/www.redix-design.de\/index.php?rest_route=\/wp\/v2\/pages\/20\/revisions"}],"predecessor-version":[{"id":1192,"href":"https:\/\/www.redix-design.de\/index.php?rest_route=\/wp\/v2\/pages\/20\/revisions\/1192"}],"wp:featuredmedia":[{"embeddable":true,"href":"https:\/\/www.redix-design.de\/index.php?rest_route=\/wp\/v2\/media\/458"}],"wp:attachment":[{"href":"https:\/\/www.redix-design.de\/index.php?rest_route=%2Fwp%2Fv2%2Fmedia&parent=20"}],"curies":[{"name":"wp","href":"https:\/\/api.w.org\/{rel}","templated":true}]}}